Dec 03 04:46:21.164 INFO testing instaclone_backend-0.1.0 against master#8940af3cea4a9a9deabcaf843b2f8cad9a83fc61 for beta-1.31-5
Dec 03 04:46:21.165 INFO running `"docker" "create" "-v" "/mnt/big/crater/work/local/target-dirs/beta-1.31-5/worker-1/master#8940af3cea4a9a9deabcaf843b2f8cad9a83fc61:/target:rw,Z" "-v" "/mnt/big/crater/work/local/test-source/worker-1/beta-1.31-5/master#8940af3cea4a9a9deabcaf843b2f8cad9a83fc61:/source:ro,Z" "-v" "/mnt/big/crater/work/local/cargo-home:/cargo-home:ro,Z" "-v" "/mnt/big/crater/work/local/rustup-home:/rustup-home:ro,Z" "-e" "USER_ID=1000" "-e" "SOURCE_DIR=/source" "-e" "USER_ID=1000" "-e" "CMD=cargo +8940af3cea4a9a9deabcaf843b2f8cad9a83fc61-alt build --frozen" "-e" "CARGO_TARGET_DIR=/target" "-e" "CARGO_INCREMENTAL=0" "-e" "RUST_BACKTRACE=full" "-e" "RUSTFLAGS=--cap-lints=warn" "-e" "CARGO_HOME=/cargo-home" "-e" "RUSTUP_HOME=/rustup-home" "-m" "1536M" "--network" "none" "crater"`
Dec 03 04:46:21.479 INFO [stdout] c9c89a3cc4c4abc2182bf0bd0920ff186552583d0453699c3540826e439b6677
Dec 03 04:46:21.481 INFO running `"docker" "start" "-a" "c9c89a3cc4c4abc2182bf0bd0920ff186552583d0453699c3540826e439b6677"`
Dec 03 04:46:22.317 INFO [stderr] usermod: no changes
Dec 03 04:46:22.591 INFO [stderr]    Compiling pear_codegen v0.0.20
Dec 03 04:46:22.592 INFO [stderr]    Compiling rocket v0.3.17
Dec 03 04:46:22.593 INFO [stderr]    Compiling rocket_codegen v0.3.17
Dec 03 04:46:22.595 INFO [stderr]    Compiling syn v0.14.9
Dec 03 04:46:22.596 INFO [stderr]    Compiling diesel v1.3.3
Dec 03 04:46:22.875 INFO [stderr] error: failed to run custom build command for `rocket_codegen v0.3.17`
Dec 03 04:46:22.875 INFO [stderr] process didn't exit successfully: `/target/debug/build/rocket_codegen-3a54d251231151b7/build-script-build` (exit code: 101)
Dec 03 04:46:22.875 INFO [stderr] --- stderr
Dec 03 04:46:22.875 INFO [stderr] [1;31mError:[0m [37mRocket requires a nightly or dev version of Rust.[0m
Dec 03 04:46:22.875 INFO [stderr] [37mInstalled version is:[0m [33m1.31.0-beta.20 (2018-11-30)[0m. [37mMinimum required:[0m [33m1.30.0-nightly (2018-08-23)[0m.
Dec 03 04:46:22.875 INFO [stderr] [34mSee the getting started guide ([0m[37mhttps://rocket.rs/guide/getting-started/[0m[34m) for more information.[0m
Dec 03 04:46:22.875 INFO [stderr] thread 'main' panicked at 'Aborting compilation due to incompatible compiler.', /cargo-home/registry/src/github.com-1ecc6299db9ec823/rocket_codegen-0.3.17/build.rs:38:17
Dec 03 04:46:22.875 INFO [stderr] stack backtrace:
Dec 03 04:46:22.875 INFO [stderr]    0:     0x55cf3d41a4af - std::sys::unix::backtrace::tracing::imp::unwind_backtrace::h3a8b83e1922cbdde
Dec 03 04:46:22.875 INFO [stderr]                                at libstd/sys/unix/backtrace/tracing/gcc_s.rs:49
Dec 03 04:46:22.875 INFO [stderr]    1:     0x55cf3d425e87 - std::sys_common::backtrace::print::h00d3155a29b4020f
Dec 03 04:46:22.875 INFO [stderr]                                at libstd/sys_common/backtrace.rs:71
Dec 03 04:46:22.875 INFO [stderr]                                at libstd/sys_common/backtrace.rs:59
Dec 03 04:46:22.875 INFO [stderr]    2:     0x55cf3d41ed4f - std::panicking::default_hook::{{closure}}::hd7465c742e79e1bb
Dec 03 04:46:22.875 INFO [stderr]                                at libstd/panicking.rs:211
Dec 03 04:46:22.875 INFO [stderr]    3:     0x55cf3d41eab4 - std::panicking::default_hook::h9e3966f2aa2a6e12
Dec 03 04:46:22.875 INFO [stderr]                                at libstd/panicking.rs:227
Dec 03 04:46:22.875 INFO [stderr]    4:     0x55cf3d41f37e - std::panicking::rust_panic_with_hook::h587f091ae747d080
Dec 03 04:46:22.875 INFO [stderr]                                at libstd/panicking.rs:476
Dec 03 04:46:22.875 INFO [stderr]    5:     0x55cf3d3f0ee3 - std::panicking::begin_panic::h3cdb33aadd4ba46c
Dec 03 04:46:22.875 INFO [stderr]                                at libstd/panicking.rs:410
Dec 03 04:46:22.875 INFO [stderr]    6:     0x55cf3d3eefb4 - build_script_build::main::hf707b40a95e32645
Dec 03 04:46:22.875 INFO [stderr]                                at /cargo-home/registry/src/github.com-1ecc6299db9ec823/rocket_codegen-0.3.17/build.rs:38
Dec 03 04:46:22.875 INFO [stderr]    7:     0x55cf3d3f17cf - std::rt::lang_start::{{closure}}::h6448f073247729bf
Dec 03 04:46:22.875 INFO [stderr]                                at libstd/rt.rs:74
Dec 03 04:46:22.875 INFO [stderr]    8:     0x55cf3d41edf2 - std::panicking::try::do_call::h52e7f80ff0fdcc45
Dec 03 04:46:22.875 INFO [stderr]                                at libstd/rt.rs:59
Dec 03 04:46:22.875 INFO [stderr]                                at libstd/panicking.rs:310
Dec 03 04:46:22.875 INFO [stderr]    9:     0x55cf3d430e39 - __rust_maybe_catch_panic
Dec 03 04:46:22.875 INFO [stderr]                                at libpanic_unwind/lib.rs:102
Dec 03 04:46:22.875 INFO [stderr]   10:     0x55cf3d40eb0a - std::rt::lang_start_internal::h38cae898de7f805c
Dec 03 04:46:22.875 INFO [stderr]                                at libstd/panicking.rs:289
Dec 03 04:46:22.875 INFO [stderr]                                at libstd/panic.rs:392
Dec 03 04:46:22.875 INFO [stderr]                                at libstd/rt.rs:58
Dec 03 04:46:22.875 INFO [stderr]   11:     0x55cf3d3f17a8 - std::rt::lang_start::h3a7d4f3d64909f8d
Dec 03 04:46:22.875 INFO [stderr]                                at libstd/rt.rs:74
Dec 03 04:46:22.875 INFO [stderr]   12:     0x55cf3d3efe79 - main
Dec 03 04:46:22.875 INFO [stderr]   13:     0x7fbb21f7b82f - __libc_start_main
Dec 03 04:46:22.875 INFO [stderr]   14:     0x55cf3d3ee658 - _start
Dec 03 04:46:22.875 INFO [stderr]   15:                0x0 - <unknown>
Dec 03 04:46:22.875 INFO [stderr] 
Dec 03 04:46:22.875 INFO [stderr] warning: build failed, waiting for other jobs to finish...
Dec 03 04:46:22.931 INFO [stderr] error: failed to run custom build command for `rocket v0.3.17`
Dec 03 04:46:22.931 INFO [stderr] process didn't exit successfully: `/target/debug/build/rocket-6877f3be50dcc505/build-script-build` (exit code: 101)
Dec 03 04:46:22.931 INFO [stderr] --- stderr
Dec 03 04:46:22.931 INFO [stderr] [1;31mError:[0m [37mRocket requires a nightly or dev version of Rust.[0m
Dec 03 04:46:22.931 INFO [stderr] [37mInstalled version is:[0m [33m1.31.0-beta.20 (2018-11-30)[0m. [37mMinimum required:[0m [33m1.27.0-nightly (2018-04-26)[0m.
Dec 03 04:46:22.931 INFO [stderr] [34mSee the getting started guide ([0m[37mhttps://rocket.rs/guide/getting-started/[0m[34m) for more information.[0m
Dec 03 04:46:22.931 INFO [stderr] thread 'main' panicked at 'Aborting compilation due to incompatible compiler.', /cargo-home/registry/src/github.com-1ecc6299db9ec823/rocket-0.3.17/build.rs:38:13
Dec 03 04:46:22.931 INFO [stderr] stack backtrace:
Dec 03 04:46:22.931 INFO [stderr]    0:     0x5627451ce4bf - std::sys::unix::backtrace::tracing::imp::unwind_backtrace::h3a8b83e1922cbdde
Dec 03 04:46:22.931 INFO [stderr]                                at libstd/sys/unix/backtrace/tracing/gcc_s.rs:49
Dec 03 04:46:22.931 INFO [stderr]    1:     0x5627451d9e97 - std::sys_common::backtrace::print::h00d3155a29b4020f
Dec 03 04:46:22.931 INFO [stderr]                                at libstd/sys_common/backtrace.rs:71
Dec 03 04:46:22.931 INFO [stderr]                                at libstd/sys_common/backtrace.rs:59
Dec 03 04:46:22.931 INFO [stderr]    2:     0x5627451d2d5f - std::panicking::default_hook::{{closure}}::hd7465c742e79e1bb
Dec 03 04:46:22.931 INFO [stderr]                                at libstd/panicking.rs:211
Dec 03 04:46:22.931 INFO [stderr]    3:     0x5627451d2ac4 - std::panicking::default_hook::h9e3966f2aa2a6e12
Dec 03 04:46:22.931 INFO [stderr]                                at libstd/panicking.rs:227
Dec 03 04:46:22.931 INFO [stderr]    4:     0x5627451d338e - std::panicking::rust_panic_with_hook::h587f091ae747d080
Dec 03 04:46:22.931 INFO [stderr]                                at libstd/panicking.rs:476
Dec 03 04:46:22.931 INFO [stderr]    5:     0x5627451a4ef3 - std::panicking::begin_panic::h23eecaef6526ec18
Dec 03 04:46:22.931 INFO [stderr]                                at libstd/panicking.rs:410
Dec 03 04:46:22.931 INFO [stderr]    6:     0x5627451a2fb5 - build_script_build::main::hf4a58592e5df52f0
Dec 03 04:46:22.931 INFO [stderr]                                at /cargo-home/registry/src/github.com-1ecc6299db9ec823/rocket-0.3.17/build.rs:38
Dec 03 04:46:22.931 INFO [stderr]    7:     0x5627451a57df - std::rt::lang_start::{{closure}}::hfed5074a970f8a15
Dec 03 04:46:22.931 INFO [stderr]                                at libstd/rt.rs:74
Dec 03 04:46:22.931 INFO [stderr]    8:     0x5627451d2e02 - std::panicking::try::do_call::h52e7f80ff0fdcc45
Dec 03 04:46:22.931 INFO [stderr]                                at libstd/rt.rs:59
Dec 03 04:46:22.931 INFO [stderr]                                at libstd/panicking.rs:310
Dec 03 04:46:22.931 INFO [stderr]    9:     0x5627451e4e49 - __rust_maybe_catch_panic
Dec 03 04:46:22.931 INFO [stderr]                                at libpanic_unwind/lib.rs:102
Dec 03 04:46:22.931 INFO [stderr]   10:     0x5627451c2b1a - std::rt::lang_start_internal::h38cae898de7f805c
Dec 03 04:46:22.931 INFO [stderr]                                at libstd/panicking.rs:289
Dec 03 04:46:22.931 INFO [stderr]                                at libstd/panic.rs:392
Dec 03 04:46:22.931 INFO [stderr]                                at libstd/rt.rs:58
Dec 03 04:46:22.931 INFO [stderr]   11:     0x5627451a57b8 - std::rt::lang_start::h646c4981e0fa06cc
Dec 03 04:46:22.931 INFO [stderr]                                at libstd/rt.rs:74
Dec 03 04:46:22.931 INFO [stderr]   12:     0x5627451a3e89 - main
Dec 03 04:46:22.931 INFO [stderr]   13:     0x7f352a22a82f - __libc_start_main
Dec 03 04:46:22.931 INFO [stderr]   14:     0x5627451a2658 - _start
Dec 03 04:46:22.931 INFO [stderr]   15:                0x0 - <unknown>
Dec 03 04:46:22.931 INFO [stderr] 
Dec 03 04:46:22.931 INFO [stderr] warning: build failed, waiting for other jobs to finish...
Dec 03 04:46:22.939 INFO [stderr] error: failed to run custom build command for `pear_codegen v0.0.20`
Dec 03 04:46:22.939 INFO [stderr] process didn't exit successfully: `/target/debug/build/pear_codegen-545f8475d142af57/build-script-build` (exit code: 101)
Dec 03 04:46:22.939 INFO [stderr] --- stderr
Dec 03 04:46:22.939 INFO [stderr] [1;31mError:[0m [37mPear requires a nightly or dev version of Rust.[0m
Dec 03 04:46:22.939 INFO [stderr] [37mInstalled version is:[0m [33m1.31.0-beta.20 (2018-11-30)[0m. [37mMinimum required:[0m [33m1.30.0-nightly (2018-08-23)[0m.
Dec 03 04:46:22.939 INFO [stderr] thread 'main' panicked at 'Aborting compilation due to incompatible compiler.', /cargo-home/registry/src/github.com-1ecc6299db9ec823/pear_codegen-0.0.20/build.rs:31:13
Dec 03 04:46:22.939 INFO [stderr] stack backtrace:
Dec 03 04:46:22.939 INFO [stderr]    0:     0x558d5a60127f - std::sys::unix::backtrace::tracing::imp::unwind_backtrace::h3a8b83e1922cbdde
Dec 03 04:46:22.939 INFO [stderr]                                at libstd/sys/unix/backtrace/tracing/gcc_s.rs:49
Dec 03 04:46:22.939 INFO [stderr]    1:     0x558d5a60cc57 - std::sys_common::backtrace::print::h00d3155a29b4020f
Dec 03 04:46:22.939 INFO [stderr]                                at libstd/sys_common/backtrace.rs:71
Dec 03 04:46:22.939 INFO [stderr]                                at libstd/sys_common/backtrace.rs:59
Dec 03 04:46:22.939 INFO [stderr]    2:     0x558d5a605b1f - std::panicking::default_hook::{{closure}}::hd7465c742e79e1bb
Dec 03 04:46:22.939 INFO [stderr]                                at libstd/panicking.rs:211
Dec 03 04:46:22.939 INFO [stderr]    3:     0x558d5a605884 - std::panicking::default_hook::h9e3966f2aa2a6e12
Dec 03 04:46:22.939 INFO [stderr]                                at libstd/panicking.rs:227
Dec 03 04:46:22.939 INFO [stderr]    4:     0x558d5a60614e - std::panicking::rust_panic_with_hook::h587f091ae747d080
Dec 03 04:46:22.939 INFO [stderr]                                at libstd/panicking.rs:476
Dec 03 04:46:22.939 INFO [stderr]    5:     0x558d5a5d7cb3 - std::panicking::begin_panic::h4e3730271beb8b92
Dec 03 04:46:22.939 INFO [stderr]                                at libstd/panicking.rs:410
Dec 03 04:46:22.939 INFO [stderr]    6:     0x558d5a5d5d78 - build_script_build::main::hd397855388fb565b
Dec 03 04:46:22.939 INFO [stderr]                                at /cargo-home/registry/src/github.com-1ecc6299db9ec823/pear_codegen-0.0.20/build.rs:31
Dec 03 04:46:22.939 INFO [stderr]    7:     0x558d5a5d859f - std::rt::lang_start::{{closure}}::h7b3193c265bb446b
Dec 03 04:46:22.939 INFO [stderr]                                at libstd/rt.rs:74
Dec 03 04:46:22.939 INFO [stderr]    8:     0x558d5a605bc2 - std::panicking::try::do_call::h52e7f80ff0fdcc45
Dec 03 04:46:22.939 INFO [stderr]                                at libstd/rt.rs:59
Dec 03 04:46:22.939 INFO [stderr]                                at libstd/panicking.rs:310
Dec 03 04:46:22.939 INFO [stderr]    9:     0x558d5a617c09 - __rust_maybe_catch_panic
Dec 03 04:46:22.939 INFO [stderr]                                at libpanic_unwind/lib.rs:102
Dec 03 04:46:22.939 INFO [stderr]   10:     0x558d5a5f58da - std::rt::lang_start_internal::h38cae898de7f805c
Dec 03 04:46:22.939 INFO [stderr]                                at libstd/panicking.rs:289
Dec 03 04:46:22.939 INFO [stderr]                                at libstd/panic.rs:392
Dec 03 04:46:22.939 INFO [stderr]                                at libstd/rt.rs:58
Dec 03 04:46:22.939 INFO [stderr]   11:     0x558d5a5d8578 - std::rt::lang_start::h40513075cbc2edc4
Dec 03 04:46:22.939 INFO [stderr]                                at libstd/rt.rs:74
Dec 03 04:46:22.939 INFO [stderr]   12:     0x558d5a5d6c49 - main
Dec 03 04:46:22.939 INFO [stderr]   13:     0x7ff3f3c6482f - __libc_start_main
Dec 03 04:46:22.939 INFO [stderr]   14:     0x558d5a5d5658 - _start
Dec 03 04:46:22.939 INFO [stderr]   15:                0x0 - <unknown>
Dec 03 04:46:22.939 INFO [stderr] 
Dec 03 04:46:22.939 INFO [stderr] warning: build failed, waiting for other jobs to finish...
Dec 03 04:47:17.230 INFO [stderr] error: build failed
Dec 03 04:47:17.230 INFO [stderr] su: No module specific data is present
Dec 03 04:47:17.625 INFO running `"docker" "inspect" "c9c89a3cc4c4abc2182bf0bd0920ff186552583d0453699c3540826e439b6677"`
Dec 03 04:47:17.961 INFO running `"docker" "rm" "-f" "c9c89a3cc4c4abc2182bf0bd0920ff186552583d0453699c3540826e439b6677"`
Dec 03 04:47:18.303 INFO [stdout] c9c89a3cc4c4abc2182bf0bd0920ff186552583d0453699c3540826e439b6677
